 Is d(15) composite?
True
Let k = 393711 + 137746. Is k composite?
False
Suppose 0 = -10*w + 8*w - 48. Let g = -18 - w. Suppose -3473 - 5785 = -g*m. Is m prime?
True
Let w(z) = 31*z**2 + 9*z - 9. Suppose -16*m - 77 = -9*m. Is w(m) composite?
False
Suppose 0 = -10*y + 13*y - 9. Suppose -1263 = -2*i - 3*i + y*b, 2*i - 530 = -5*b. Is i + (-4)/(8 + -4) prime?
False
Suppose -2*b = -2*m + 10 + 340, 0 = 2*m. Let t = -30 - b. Is t composite?
True
Suppose -4225 + 15265 = 5*a. Let g = a + -447. Is g a prime number?
False
Let t = 1638725 + -654472. Is t prime?
True
Let c = 218 + -204. Let n(k) = 588*k - 35. Is n(c) a composite number?
True
Suppose 0 = z - 5*o - 16008, -2*z + 25635 = 4*o - 6409. Is z composite?
True
Suppose a + y + 5 = 2*y, a = -2*y - 20. Let m be (4/a)/(4/(-15430)). Suppose -121*j + 120*j = -m. Is j composite?
False
Let p(i) be the first derivative of -i**4/2 - 11*i**3/3 + 5*i**2/2 - 2*i + 6. Let s be p(-6). Suppose 0 = -3*c + 2*c + 5*k + 2351, -s = -k. Is c a prime number?
True
Suppose -3*n - 3*q = -647850 - 137805, 2*q = 2*n - 523754. Is n composite?
False
Let b = 1394 + -8408. Is ((-38)/4)/(21/b) composite?
True
Let m = -85521 - -480661. Suppose 17*f - 129786 = m. Is f composite?
True
Let g = -10446 - -30281. Is g prime?
False
Let j = -213125 - -380434. Is j prime?
True
Suppose 12*t - 475011 = -t + 10974947. Is t composite?
True
Let c be 2/12 + (-1192)/(-48). Suppose -d = -5*a + c, 0 = 4*a - 12 + 4. Is (4/((-12)/1361))/(5/d) a composite number?
False
Let u = -155 + 160. Suppose -2*q + 24142 = -d, -5*q = -0*d - u*d - 60355. Is q a composite number?
False
Let z be 6316 + 5/((-10)/(-4)). Suppose g - 7*g - z = 0. Is g/(-5) - 2/(-5) composite?
False
Suppose 0 = -3*f - 10*a + 3155411, 3*a - 5259030 = -5*f - 2*a. Is f a prime number?
False
Let p(b) = -2*b - 1. Let z(k) = 2*k - 9. Let j(q) = -2*p(q) + z(q). Let u be (6/4)/((-3)/(-6)). Is j(u) a composite number?
False
Let m be 16/(20/5) + 3. Suppose 4*n = k - 5*k - 4, n - m = k. Suppose -h - n*h = -1916. Is h a composite number?
False
Let p be (1 - 15)*(276/(-168) + 8/7). Let w(x) = 7*x + 1. Let f be w(-1). Is 2657/1*(p + f) composite?
False
Let q(s) = 2*s**3 + 13*s**2 - 2*s - 32. Let n be q(-11). Let x = 552 - n. Is x a prime number?
False
Let d = -574933 + 826764. Is d composite?
False
Is (724118 - 0)/((-10)/(-80)*8) prime?
False
Suppose -8*t + 21 = -5*t. Let r be ((-126)/28 - (-1 - 2))*-12. Is ((-56)/(-36))/t - (-12614)/r a composite number?
False
Let l = 4543 + 460. Is l a composite number?
False
Let v = -4305 - -13914. Is v composite?
True
Suppose -20*i + 23*i - 27 = 0. Suppose -a - 2040 = -i*a. Is 93198/34 + (-30)/a a composite number?
False
Let b(i) = 2*i**2 + 3*i - 7. Let l be b(4). Suppose 39*p = l*p + 6706. Is p a prime number?
False
Let w = -89 + 57. Let y = w - 24. Let d = y + 127. Is d a prime number?
True
Let r = 128736 + -23363. Is r a composite number?
False
Let c be 8/24*15*8/10. Is (c - (2468 - 5))*-1 a composite number?
False
Suppose 2*z - 3*b - 5836367 = -2*z, z - 1459093 = 2*b. Is z prime?
True
Suppose 0 = -5*c - 3*f + 15677 + 8210, 5*c = 3*f + 23863. Let j = -3252 + c. Is j composite?
False
Suppose -2*g + 9880 = p + 534, 0 = -4*p - g + 37384. Is p a composite number?
True
Let t(h) = -236*h**2 - h + 249913. Is t(0) composite?
True
Let t(y) = -y**3 - 4*y**2 + 10*y + 22. Let w = -8 + 26. Suppose 3*n = 4*m - 0*m - 27, -2*n + 5*m - w = 0. Is t(n) composite?
False
Suppose 0 = -5*y + 4*m + 14791, -y = -5*m - 2573 - 360. Is y prime?
True
Let l(u) = 8530*u**2 + 81*u - 318. Is l(5) prime?
True
Let u be (72/(-54))/(2*1/3). Is ((1 - u) + -2)*(-9 - -68) a composite number?
False
Suppose 0 = 2*f + 3*q + 8, -5*f - 3*q + 2 = -q. Is (1042/(-10))/((-52)/130)*f prime?
True
Is (16/(-40))/(2/25) + 8 - -96920 prime?
False
Suppose -6 = 2*s + r, -5*s - 5 = 5*r + 5. Let h(v) be the third derivative of -55*v**4/24 - 11*v**3/6 + 22*v**2. Is h(s) a composite number?
True
Let j = -72996 - -191977. Is j prime?
False
Let j = 3059 - -9702. Is j prime?
False
Let f = 50 + -45. Suppose 2*p = 2*q + 28, p - 49 = f*q + 3*p. Is q/22 - ((-4209)/(-2))/(-3) prime?
True
Let k(q) be the second derivative of -22*q + 0 + 4/3*q**4 - 3/2*q**2 - 11/6*q**3. Is k(-8) a prime number?
True
Let b(i) = -2*i**3 - 34*i**2 - 43*i - 24. Is b(-59) a prime number?
False
Let t(p) = -2*p**3 - 23*p**2 + 4*p + 16. Let d be t(-8). Let f = 1975 + d. Is f a composite number?
False
Let p be (3 - -1)*20/(-8). Let v be (2 + 72/p)/((-11)/55). Let h = v + 25. Is h a prime number?
False
Suppose -47*h + 4*h - 18*h + 5411981 = 0. Is h a prime number?
True
Suppose -6*b + 16 = -4*b. Suppose 5*x = b*x + 3. Let w(f) = 190*f**2 + 1. Is w(x) a prime number?
True
Let s = 128 - 123. Suppose -o + 479 = k - 403, s*o + k - 4410 = 0. Let f = o - -25. Is f a composite number?
False
Suppose -3*v = 8*d - 1521200, 16 = 39*v - 37*v. Is d a prime number?
True
Let r = -97870 - -224767. Is r a prime number?
False
Suppose -5*w - 5*u + 10 = 0, -7*w + 4*w - 2*u = -2. Let k(d) = d + 11. Let s be k(w). Is (27315/2)/s*(-4)/(-2) composite?
True
Let w = 85735 + 44892. Is w composite?
True
Let b be (-87)/(-21) - 1/7. Suppose 5*g = 15, 2*g - 7 = h + b. Is (15/(-6))/h + 11994/4 prime?
True
Suppose -167*z + 1377713 = 262654. Is z a prime number?
False
Let r(j) = 11*j + 5. Let m be r(0). Suppose -1228 = -m*c + 657. Is c a composite number?
True
Let r(o) be the second derivative of -o**4/12 + 7*o**3/2 + 65*o**2/2 + 43*o. Is r(22) composite?
False
Suppose 0 = n - 2*n + 4*a + 35, -2*n = a - 25. Let v(c) = -c**2 + 9*c - 17. Let p be v(6). Is (-21955)/n*(-2 - p)/1 a composite number?
False
Let g = -106 - -110. Is (14622/g)/1*(-82)/(-123) a prime number?
True
Let b = -501714 - -839833. Is b composite?
False
Suppose 2*h - 14697 = 901. Is h prime?
False
Is ((-1)/4)/((-26)/12736984) composite?
False
Is (-111866)/(-24) + 24/(-288) prime?
False
Let l be 3 - 0*(-4)/16. Let g be 2 + (17 - 4) - l. Is 597/g*(-1 + 5) prime?
True
Let d = 483332 - 307423. Is d prime?
True
Suppose 35 = 5*d, d - 15800 = -2*b + 31105. Is b composite?
True
Let p = 13336 - 6437. Is p a prime number?
True
Let m(o) = 190*o**2 - 52*o + 301. Is m(49) prime?
False
Suppose 29517277 = -330*l + 403*l + 4203140. Is l prime?
False
Let t(z) = -z**2 - 15*z. Let m(y) = 2*y**2 + 33*y + 1. Let j(a) = -3*m(a) - 7*t(a). Is j(10) prime?
True
Let w be (7 - 6)*1 - 7. Is ((-141)/6)/(w/372) a prime number?
False
Let l(w) = -w + 10. Let z be l(7). Suppose z*x = -11*h + 12*h + 17323, 5*x + h - 28861 = 0. Is x a composite number?
True
Suppose 0 = -2*x - 3*i + 13, -x - 5 - 5 = -4*i. Suppose -13 = x*y - 99. Suppose 0 = -3*q + n + 166, -n + 19 = q - y. Is q composite?
True
Suppose 5*d - 3*p = 176, 137 = 4*d + 2*p - 17. Suppose -i - 3*l + 17 = 2*l, 0 = 5*i + l - 205. Let r = i + d. Is r prime?
True
Suppose 2*w = 2*q - 1 - 3, -3*w = -q + 6. Let h(s) = -3*s**3 + 2*s**2 + s + 787. Is h(q) prime?
True
Suppose 0 = 2*n + z - 868020, 13*z - 2170081 = -5*n - 5*z. Is n prime?
True
Let i = -1418 - -3693. Suppose -n - 36978 = -h, h = -n + i + 34693. Is h composite?
False
Suppose -2*w + 6 = w. Let y(l) = -2*l**2 - 3*l**3 - 63*l + 69*l + 10 + w*l**3. Is y(-5) a composite number?
True
Let o(z) = 1688*z**3 - 3*z**2 + z + 22. Is o(3) a composite number?
True
Suppose -2*w - 4*j - 4846380 = -6*w, 4*j - 1211615 = -w. Is w a composite number?
False
Let d = -6 + 10. Let o = 3 + -1. Suppose z - 71 + 3912 = d*n, o*n + 2*z = 1908. Is n a composite number?
True
Suppose -27*v = -25*v - 6, l - 30521 = 3*v. Let c = -17461 + l. Is c a composite number?
True
Let s(w) = 170*w**2 - 17*w - 51. Let l(q) = q**2 + q + 3. Let z(b) = 17*l(b) + s(b). Let v(p) = -p**2 - 4*p - 2. Let h be v(-3). Is z(h) a composite number?
True
Let y(c) = c**3 + 9*c**2 - 2*c + 1. Let x = 114 + -114. Suppose q - f + 8 = x, -3*f = -3*q + 2*q - 16. Is y(q) a prime number?
True
Let q(s) = 93*s**3 + 3*s**2 - s + 3. Suppose 0 = -3*l + 44 - 2. Suppose l = 3*h + 8. Is q(h) composite?
False
Suppose -15*b = -6*b. Suppose b = -2*m - 7*m + 1278. Suppose m = -6*q + 2164. Is q a prime number?
True
Let x(m) = -40*m + 19. Let i(j) = 4*j - 12. Let k be i(6). Suppose 0 = 7*w - 5*w + k. Is x(w) a prime number?
False
Let j = 12440 + -8730. Let g = 7227 + j. Is g a composite number?
False
Is -6 - 451597*(-8)/8 a prime